9
Suppose 5*r - 3*r - 4*a - 110 = 0, 4*r - 233 = -5*a. Suppose 2*v + 10*b - 99 = 5*b, v - r = -b. What are the prime factors of v?
2, 31
Suppose 0 = -5*h - o - 4, h + 1 + 3 = -o. Suppose h = -2*u + 5*u - 141. List the prime factors of u.
47
Suppose 0 = -7*m + 23 - 2. Suppose m*q - 2*q - 3*d = 32, q - 32 = -3*d. What are the prime factors of q?
2
Let b = -32 + 32. Suppose -v - 265 = -m - 62, b = -5*m - v + 991. Suppose m + 113 = 4*z. What are the prime factors of z?
2, 3, 13
Suppose 0*r - 5*r + 15 = 0. Suppose 5*d = r*d + 6. Suppose u + 32 = d*u. List the prime factors of u.
2
Let m(t) = 2*t**2 + t + 5. Let w be m(7). Suppose 3*i - w = 34. List the prime factors of i.
2, 3
Let f = -20 - -8. Let j(p) = p**2 + 9*p - 28. Let b be j(f). What are the prime factors of b/(-20) + 336/15?
2, 11
Suppose l = 1, -a + 3 = -3*l + 2*l. Let n(y) = a + 2 + 14*y - 4 - y**2 + 0. What are the prime factors of n(13)?
3, 5
Suppose 4*m + 1 = -b, 0 = m + 2*m - 5*b - 5. Let r = 8 + -3. Suppose m = -s + r*s - 48. List the prime factors of s.
2, 3
Let i(u) = u**2 - 25. Let p = 79 + -73. What are the prime factors of i(p)?
11
Let h be (-385)/44 - 1/4. Let u = h + 24. Suppose 4*a = r - 34, -r - a = -49 + u. List the prime factors of r.
2, 17
Suppose -16 = 6*u - 2*u. List the prime factors of 119/((3 - (u + 8))/(-2)).
2, 7, 17
Let k(o) = -o**3 - 4*o**2 + 3*o + 25. List the prime factors of k(-10).
5, 7, 17
Suppose 0*f - f - 31 = 4*x, 2*f = -5*x - 38. Let r(b) = b**2 - 8*b + 5. List the prime factors of r(x).
7, 19
What are the prime factors of (156/195)/((-19266)/19270 + 1)?
2, 41, 47
Let r(b) = -b - 2. Let c be r(-2). Suppose 2*f = -c*f + 128. List the prime factors of f.
2
Suppose -8*j - 3080 = -5*y - 9*j, 5*j - 25 = 0. List the prime factors of y.
3, 5, 41
Let c = -31 - -64. Suppose -4*q - 50 = -2*u, -5*q + c = 3*u - 86. Suppose -4*x + 241 = u. List the prime factors of x.
2, 13
Let s(g) = 190*g - 1. Let w be s(4). Suppose -16*u = -3175 + w. List the prime factors of u.
151
Suppose -5*r + 232 + 533 = -4*x, -2*r + 4*x = -318. Suppose 0 = -4*v - r + 1453. What are the prime factors of v?
2, 163
Let h = -21 - -8. Let v = -11 - h. Suppose v*x - 27 = -x. List the prime factors of x.
3
Let v(g) = g**2 - 2*g + 1. Let z be v(1). Let a(o) = -18*o**3 - o**2 + z*o**2 - o**2 - o - 1 + o**2. List the prime factors of a(-1).
17
Suppose 0 = 3*w - 4*l - 1268, -2*l - 119 = -2*w + 729. Let r = w - 238. List the prime factors of r.
2, 5, 19
Suppose -3*o + 1582 = -z, -2*o + 3*z + 1060 = z. What are the prime factors of o?
2, 263
Suppose 3 = -3*x - 0, -h - 5*x = 2. Suppose h*k - 31 = 50. List the prime factors of k.
3
Suppose 0 = -8*i + 4*i + 2*r + 280, 0 = 5*i + 5*r - 365. List the prime factors of i.
71
Let x = 20 - 25. List the prime factors of (10/x)/(-2 + 111/57).
2, 19
Suppose -3*m = -4*l - 410 - 414, -2*m + 552 = -2*l. Suppose 2*g - 6*g = -m. What are the prime factors of -4 - 1*g/(-2)?
31
Let p = 282 - 132. Suppose 5*l = -3*w + w + p, 0 = 5*w - 3*l - 406. What are the prime factors of w?
2, 5
List the prime factors of (-9)/(-108) + 22412/48.
467
Let h = -134 + 137. Suppose 3*d = d - h*c + 347, 10 = -2*c. List the prime factors of d.
181
Suppose 7*j = -2657 + 10735. List the prime factors of j.
2, 577
Let z(q) = 7*q. Let x(g) = g + 13. Let o be x(-6). List the prime factors of z(o).
7
Let o(h) = 12*h**3 - 8*h**2 + 34*h - 6. List the prime factors of o(5).
2, 3, 61
Let w = -207 + 496. What are the prime factors of w?
17
List the prime factors of (-2 - (2 - 666))/(20 + -19).
2, 331
Suppose 13 = 4*h + 5. What are the prime factors of ((-1)/h)/(6/(-336))?
2, 7
Suppose -2*u - 2*a = 2*u - 18, 0 = -a + 3. Let w be 1/(-3) - (-10)/u. Suppose -w*v + 24 = -2*v. List the prime factors of v.
2, 3
Suppose 4597 = 5*g + 3*j - 0*j, 1842 = 2*g + 2*j. What are the prime factors of g?
7, 131
Suppose 16 = -17*i + 67. Suppose -y - 424 = -3*b - i*y, 412 = 3*b - 4*y. What are the prime factors of b?
2, 5, 7
Let y = -380 + 1354. List the prime factors of y.
2, 487
Let i(a) = 136*a + 568. List the prime factors of i(-4).
2, 3
Let q(x) = -26 - 27*x - 17*x - 33*x + 15*x. List the prime factors of q(-4).
2, 3, 37
Let r(x) = -x**2 + 13*x - 13. Let l be -1 - (-8 + (1 - 3)). What are the prime factors of r(l)?
23
Suppose 5*z + 60 = m, -z = 21*m - 24*m + 152. List the prime factors of m.
2, 5
Let r(q) = -20*q**3 - 5*q**2 - 7*q. List the prime factors of r(-3).
2, 3, 43
Let b(n) = -n**2 + 17*n - 30. Let c be b(15). Suppose 2*v = 5*v. Suppose c = -v*a - 5*a + 180. What are the prime factors of a?
2, 3
Let z be (4/(-8) - 2)*-4. Suppose 5*u - 30 = z. List the prime factors of u.
2
Let h(l) = 19*l**2 + 23*l + 6. What are the prime factors of h(-9)?
2, 3, 223
Let h = 4770 - 1770. What are the prime factors of h?
2, 3, 5
Let c = 65 - 60. Suppose 0 = c*s + 2*s - 693. List the prime factors of s.
3, 11
Suppose 5*z - 12 = 13. Let o be (4 + 0)*(-15)/(-12). Suppose 5*c + o*p - 95 = 0, 25 = z*p - 0. List the prime factors of c.
2, 7
Let c(g) = 3053*g**2 - 3*g + 8. What are the prime factors of c(1)?
2, 11, 139
Let h(w) = 17*w**2 + 5*w + 6. Let m be h(-4). Suppose 0 = -6*l + m. List the prime factors of l.
43
Let g be 0 + (-3)/(-6) + (-39)/6. List the prime factors of (8/g)/(4/(-138)).
2, 23
Suppose 351 = 2*y - 245. List the prime factors of y.
2, 149
Let n(a) = 10 - 18 + 22 - 7*a - 4*a. What are the prime factors of n(-5)?
3, 23
Suppose -123838 - 107298 = -62*r. List the prime factors of r.
2, 233
Let x(v) = 2*v**2 + 48*v + 27. List the prime factors of x(-29).
317
Let d = -8 + 8. Let g(c) = -5*c + 0*c + d*c - 3. What are the prime factors of g(-4)?
17
Let v(m) = m**2 - 5*m - 3. Let t be v(7). Suppose t*j - 7*j = -436. Let n = j + 165. List the prime factors of n.
2, 7
Let b(y) = y**3 - 6*y**2 + 2*y - 11. Let a be b(6). Let x(w) be the first derivative of 2*w**2 + w + 4. What are the prime factors of x(a)?
5
Suppose 4*y = -5*s + 8, y + 3*s = -s + 2. Let a = y - 2. Suppose -22 + a = -2*g. List the prime factors of g.
11
Let n = 2393 - -615. What are the prime factors of n?
2, 47
List the prime factors of ((-1)/3)/((-19 - -9)/19290).
643
Let h(v) be the second derivative of -v**4/12 - 5*v**3/2 - 13*v**2/2 + 6*v. What are the prime factors of h(-6)?
41
Suppose -4*g = 5*r - 2264 - 2152, 0 = 5*r. List the prime factors of g.
2, 3, 23
Suppose 2*m - 554 = -2*w, -55*w = -4*m - 58*w + 1105. List the prime factors of m.
2, 137
Suppose -843 = -2*i - 5*y + 58, -4*i = -2*y - 1862. Let n = i + -266. What are the prime factors of n?
197
Suppose 0 = -12*n + 5*n + 28. Suppose -5*v - 3*y + 7 + 37 = 0, -5*v + 42 = n*y. What are the prime factors of v?
2, 5
Suppose -3*o - 255 = -4*o. List the prime factors of o.
3, 5, 17
Let j(z) = -5 - 130*z + 134*z - z**2 + 10*z**2. List the prime factors of j(4).
5, 31
Let h(b) = b**3 + 24*b**2 - 21*b + 24. Let d be h(-25). Let v = 124 + d. What are the prime factors of v?
2, 3
Suppose 0 = 24*w - 15029 - 5107. What are the prime factors of w?
839
Let n(k) be the first derivative of 19*k**6/360 + k**3/3 + 4. Let t(h) be the third derivative of n(h). What are the prime factors of t(1)?
19
Suppose -3625 = -2*q + 5*c + 7225, -21720 = -4*q + 5*c. List the prime factors of q.
5, 1087
Suppose 9*p + 15 = 8*p. List the prime factors of -1 + p/(-9) - 1696/(-12).
2, 71
Let l(g) = g**2 + 12*g + 507. What are the prime factors of l(0)?
3, 13
Let d(b) = -4 - b + 6 + b**2 + 11*b - 12. Let s be d(-8). What are the prime factors of (-1954)/s + 6/(-39)?
3, 5
Let h = 546 - 265. Suppose 5*t - 854 = h. What are the prime factors of t?
227
Let d be (-32)/(-10) + 2/(-10). Suppose r - d*m + 49 = -3*r, 2*r + 2*m = -28. Let b = r - -24. List the prime factors of b.
11
Let b = -297 + 1137. List the prime factors of b.
2, 3, 5, 7
Suppose 55*c - 3132 = 49*c. What are the prime factors of c?
2, 3, 29
Let o be (-6392)/(-24) - 1/3. Suppose -238 = -7*m + o. What are the prime factors of m?
2, 3
Let r = 2878 - 1924. What are the prime factors of r?
2, 3, 53
Let k(y) = -349*y**2 - 2*y - 1. Let b be k(-1). Let u = -226 - b. List the prime factors of u.
2, 61
Let j be (42*(-2)/(-3))/(-1). Let s = j - -80. What are the prime factors of ((-221)/s)/(1/(-8))?
2, 17
Let g(a) = -6*a + 7*a**2 - 3*a + 152 - 161 + 2*a. What are the prime factors of g(-4